 Calculate q(11).
2
Let z(l) = -l**3 - 72*l**2 - 778*l - 34. Give z(-59).
615
Let i(h) = h**3 - 164*h**2 - 1556*h + 1717. What is i(-10)?
-123
Let r(w) = 1448*w + 33334. Calculate r(-23).
30
Let s(t) = t**2 - 97113*t - 1651318. Give s(-17).
-108
Let y(b) = b**3 + 679*b**2 + 46352*b - 141. Give y(-77).
13
Let q(w) = 2*w**2 - 372*w + 2366. Determine q(170).
-3074
Let q(h) = h**3 + 19*h**2 + 92*h + 776. Determine q(-11).
732
Let k(o) = 535*o - 32107. Determine k(60).
-7
Let v(f) = -f**3 - 373*f**2 + 2273*f - 335. What is v(-379)?
44
Let a(i) = i**2 - 46*i - 1477. Give a(67).
-70
Let w(r) = 6*r**2 + 357*r - 11. Give w(-58).
-533
Let j(t) = -361*t - 2723. Give j(-8).
165
Let q(o) = -93*o**2 - 2094*o - 1129. Determine q(-22).
-73
Let i(r) = -3*r**3 + 9*r**2 - 192*r + 99. Calculate i(6).
-1377
Let w(y) = 609361*y + 77388846. Calculate w(-127).
-1
Let q(n) = -1627*n**2 + 13018*n - 28. What is q(8)?
-12
Let b(r) = -11*r + 325. Give b(43).
-148
Let k(r) = -22037*r + 43848. Determine k(2).
-226
Let b(t) = 2*t**2 + 216*t - 63374. What is b(132)?
-14
Let t(d) = 268*d + 244. Give t(-4).
-828
Let b(a) = -89*a**2 + 3117*a - 16. Determine b(35).
54
Let c(m) = -1036869*m + 1036868. Give c(1).
-1
Let g(u) = -u**3 + 48*u**2 + 157*u + 664. Determine g(51).
868
Let g(m) = -3*m**3 - 1158*m**2 + 1275*m + 44115. What is g(-387)?
-3
Let f(d) = 652*d + 123234. Calculate f(-189).
6
Let o(h) = -29*h**2 - 137*h - 36. Determine o(-9).
-1152
Let b(h) = -59095*h + 1772865. Calculate b(30).
15
Let c(l) = 10*l**3 + 10*l**2 + 37*l - 1. Give c(-3).
-292
Let i(d) = 4181*d + 819441. Give i(-196).
-35
Let f(s) = -s**3 - 113*s**2 - 2541*s - 26. Calculate f(-31).
-57
Let m(a) = -34*a**3 + 2*a**2 - 944*a + 944. Calculate m(1).
-32
Let g(l) = -2*l**2 + 525948*l - 8414655. Determine g(16).
1
Let i(g) = -14516*g + 43037. Give i(3).
-511
Let s(j) = 61032*j - 427224. What is s(7)?
0
Let v(d) = -5*d**2 + 112*d + 3319. What is v(-22)?
-1565
Let d(z) = 11*z**3 - z**2 - 2237*z - 11185. What is d(-5)?
-1400
Let o(c) = -66*c**2 + 4951*c - 9682. Give o(73).
27
Let g(h) = -h**3 - 831*h**2 - 126632*h - 392. Give g(-201).
10
Let d(q) = 2*q**2 + 133*q - 1594. Determine d(-67).
-1527
Let n(w) = -66*w**2 - 2094*w + 575. Determine n(-32).
-1
Let l(w) = -4829*w - 255908. Calculate l(-53).
29
Let h(w) = 2*w**3 - 8*w**2 - 324*w + 1569. Give h(5).
-1
Let b(d) = -d**2 + 7491*d - 67332. Give b(9).
6
Let d(j) = -96*j**2 - 898*j - 2080. What is d(-4)?
-24
Let j(t) = -4*t**3 - 204*t**2 + 4291*t + 201. What is j(-67)?
0
Let r(s) = 71*s**3 - 8*s**2 - 7*s + 3. Calculate r(2).
525
Let g(u) = -u**3 + 39*u**2 + 172*u - 1923. Give g(42).
9
Let v(q) = 7538*q + 512561. Determine v(-68).
-23
Let z(l) = -7*l**3 - 14*l**2 - 230*l + 809. Calculate z(3).
-196
Let o(n) = 24703*n + 321183. What is o(-13)?
44
Let t(h) = 144329*h - 25113247. Determine t(174).
-1
Let c(x) = -2*x**3 + 599*x**2 - 4946*x - 491. What is c(291)?
-200
Let l(b) = -3*b**3 - 2610*b**2 - 2644*b - 32159. What is l(-869)?
-6
Let m(c) = -13*c + 905. Determine m(62).
99
Let f(l) = -95*l + 1750. What is f(17)?
135
Let s(r) = -12611*r - 25214. What is s(-2)?
8
Let c(y) = 20*y**2 - 43*y - 158. Give c(-6).
820
Let q(x) = -x**3 + 27*x**2 - 86*x - 56. Give q(5).
64
Let w(o) = 14*o**2 + 341*o + 2224. Calculate w(-10).
214
Let s(f) = 7*f**3 - 694*f**2 + 109*f + 279. Calculate s(99).
1269
Let f(z) = -9816*z + 3720265. Calculate f(379).
1
Let g(a) = a**3 + 12*a**2 + 3891*a + 50745. Give g(-13).
-7
Let y(u) = u**3 + 6*u**2 - 426*u - 2946. Calculate y(-7).
-13
Let j(w) = -235*w**2 + 2366*w - 5696. What is j(4)?
8
Let j(q) = -40006*q + 1760265. What is j(44)?
1
Let c(u) = -2317*u + 131736. Give c(57).
-333
Let a(l) = 2*l**2 - 822*l + 34252. What is a(364)?
36
Let y(g) = 16*g**2 - 301*g + 55. Calculate y(24).
2047
Let w(g) = -249*g**2 - 14677*g + 29359. Give w(2).
-991
Let h(f) = 13*f**2 - 19502*f + 158141. What is h(1492)?
-11
Let h(t) = -153*t**2 - 242*t - 5. Calculate h(-1).
84
Let a(n) = -19745*n - 78918. What is a(-4)?
62
Let c(f) = 2*f**3 + 45*f**2 + 171*f - 12. Give c(-5).
8
Let b(u) = 3444*u**2 + 141167*u - 1494. What is b(-41)?
23
Let r(o) = -o**3 + 650*o**2 - 3868*o + 2655. What is r(644)?
79
Let s(c) = -11*c**2 + 25203*c - 125981. Determine s(5).
-241
Let y(f) = -f**2 + 2958*f - 79302. Give y(27).
-165
Let t(n) = -2217*n + 2264. Determine t(1).
47
Let b(y) = -y**3 - 80*y**2 + 1012*y + 379. Give b(-91).
-622
Let j(b) = 14293*b - 228656. Calculate j(16).
32
Let z(p) = -202*p - 1180. What is z(-13)?
1446
Let n(t) = -10*t**2 + 103*t - 898. Determine n(13).
-1249
Let q(y) = -2*y**3 + 13*y**2 + 83*y + 2. Determine q(-5).
162
Let o(s) = -129*s**2 + 492*s - 985. Determine o(2).
-517
Let t(n) = 88878*n - 444408. What is t(5)?
-18
Let l(i) = -12*i**3 + 524*i**2 + 186*i + 22. Give l(44).
462
Let b(l) = -2746*l + 74151. Calculate b(27).
9
Let f(n) = -2*n**2 + 735*n + 5306. Determine f(-7).
63
Let x(s) = -s**3 + 148*s**2 + 5765*s + 281. What is x(-32)?
121
Let w(d) = 2*d**2 - 5676*d - 666980. What is w(-113)?
-54
Let q(o) = o**3 - 80*o**2 + 222*o + 367. What is q(77)?
-326
Let j(q) = 10*q**3 - q**2 - 12*q + 32. Calculate j(0).
32
Let t(p) = 92*p**2 + 13*p - 1. What is t(0)?
-1
Let c(s) = -7*s**3 - 74*s**2 - 177*s + 44. Calculate c(-7).
58
Let h(o) = 47841*o - 13586820. Determine h(284).
24
Let u(f) = 15*f**2 - 251*f + 833. What is u(11)?
-113
Let j(a) = a**3 - 9*a**2 + 27*a + 109. Calculate j(0).
109
Let i(o) = -4551*o - 59243. Give i(-13).
-80
Let a(l) = -3*l**3 + 14*l**2 - 88*l - 211. Give a(7).
-1170
Let i(v) = 361*v**2 + 158854*v + 6166. Calculate i(-440).
6
Let z(o) = 2*o**3 - 428*o**2 + 734*o - 65573. What is z(213)?
31
Let f(o) = -o**2 + 119*o - 1998. Give f(18).
-180
Let u(g) = 112*g**2 + 16250*g + 1440. Determine u(-145).
-10
Let f(i) = 2*i**3 - 1002*i**2 + 1023*i - 11511. What is f(500)?
-11
Let c(d) = d**3 + 540*d**2 - 15888*d + 9070. Determine c(-568).
-18
Let m(y) = y**3 + 169*y**2 + 567*y + 38905. Give m(-167).
-6
Let g(w) = -4*w**2 - 103*w - 216. Give g(-20).
244
Let h(k) = -226584*k - 1359520. Give h(-6).
-16
Let m(u) = -u**3 + 4406*u**2 - 78989*u + 85. Determine m(18).
-5
Let n(f) = 2*f**2 + 113*f + 1260. What is n(-15)?
15
Let n(h) = h**3 - 2*h**2 + 344*h + 91. Calculate n(0).
91
Let b(p) = -8*p**3 - 44*p**2 - 126*p + 2. Give b(-3).
200
Let h(d) = -13*d**3 + 92*d**2 - 1697*d + 11825. Give h(7).
-5
Let y(b) = 20*b**2 - 21133*b - 191829. Calculate y(-9).
-12
Let x(u) = -u**2 - 2542*u + 137531. Give x(53).
-4
Let t(k) = k**3 + k**2 - 128*k - 1107. What is t(-11)?
-909
Let r(a) = 3*a**3 + 37*a**2 + 422*a - 1014. What is r(2)?
2
Let v(z) = -5*z**2 + 1096*z + 6513. Determine v(225).
-12
Let r(k) = 2*k**2 - 288*k + 680. Calculate r(143).
394
Let u(m) = 1787*m + 8812. Give u(-5).
-123
Let i(z) = -3*z**2 - 159*z - 614. What is i(-49)?
-26
Let z(h) = 167*h**3 - 2503*h**2 - 43*h + 202. Give z(15).
7
Let f(t) = -38763*t + 2713408. What is f(70)?
-2
Let o(u) = -201700*u - 7. Determine o(0).
-7
Let h(r) = -3*r**3 - 70*r**2 - 16*r + 234. Give h(-23).
73
Let p(t) = 1257*t**3 + 131984*t**2 - 91*t + 1482. Determine p(-105).
12
Let t(r) = -r**3 + 22*r**2 + 899*r + 142. Determine t(43).
-30
Let d(u) = 5*u**2 - 23240*u - 256246. Determine d(-11).
-1
Let f(o) = 283*o - 16108. Calculate f(56).
-260
Let h(j) = 15239*j + 91460. What is h(-6)?
26
Let q(m) = -162*m**2 + 786*m + 91. Determine q(5).
-29
Let c(v) = 14*v**2 - 319*v + 121. Calculate c(25).
896
Let v(q) = 3*q**3 + 81*q**2 + 545*q + 38. Calculate v(-13).
51
Let t(i) = -i**3 - 3*i**2 + 11344*i + 45353. Calculate t(-4).
-7
Let d(r) = -4849*r - 19366. Calculate d(-4).
30
Let d(x) = 4*x**2 + 3045*x - 225549. What is d(68)?
7
Let g(r) = 78*r**2 + 12161*r - 924. Calculate g(-156).
168
Let j(a) = 3*a**3 - 152*a**2 - 61*a + 482. Determine j(51).
-28
Let x(b) = b**2 + 133*b + 4322. What is x(-56)?
10
Let t(k) = 2*k**2 - 6562*k + 2108236. Give t(361).
-4
Let x(r) = -13*r**3 - r**2 - 5*r + 4. What is x(-2)?
114
Let n(b) = b**2 - 98*b + 237. Calculate n(102).
645
Let t(q) = 1069*q + 14252. What is t(-13)?
355
Let y(p) = 104*p + 5715. Calculate y(-33).
2283
Let r(q) = q**2 - 3946*q - 31623. Calculate r(-8).
9
Let c(o) = -17882*o + 105987. Give c(6).
-1305
Let v(d) = -33*d**2 + 1084*d - 87. Determine v(32).
809
Let k(r) = 409*r - 5530.